y (-26)/6*(-1 - 5)?
17
Let u be 1*(6 + -3) - 1. Suppose -3*s + 6*s - 5*k = 268, -u*s + 174 = -k. What is the remainder when s is divided by ((-2)/3)/((-1)/33)?
20
Let p = -44 - -66. Suppose 2*b + 12 = 0, -634 - 156 = -8*f + 5*b. What is the remainder when f is divided by (-4 - -5) + p + 1?
23
Let x(q) be the second derivative of q**4/12 + 5*q**3/6 + 2*q**2 + q. Suppose -167 = 8*g - 103. What is the remainder when x(g) is divided by 16?
12
Suppose -201 = 6*y + 327. Let n = -32 - y. What is the remainder when n is divided by 16?
8
Suppose 5*n + 0*n + 140 = -5*f, -2*n + 2 = 0. Let y = f - -52. What is the remainder when 91 is divided by y?
22
Suppose -5*y - 25 = -o - 4*o, -3*y - 1 = 4*o. Let g(p) = -p**3 + 15*p**2 + 18*p + 24. Calculate the remainder when g(16) is divided by o/(-6) + 58/3.
18
Let y(l) = -l**3 + 12*l**2 - 4*l - 6. Let s be y(9). Suppose -4*d + s + 83 = 0. Calculate the remainder when d is divided by (-3)/(-3) - -1 - -16.
17
Let l(w) = w**3 - 42*w**2 + 4*w - 20. What is the remainder when l(42) is divided by 22?
16
Suppose 4*l = -3*j + 8*l + 11, 2*l = -4*j. Suppose -4*o = 6 - 14. Calculate the remainder when 1 + j/(3/18) is divided by o.
1
Suppose -4*r - 6*h = -4*h - 82, 3*h = r - 3. Suppose 4*d - 34 = -5*s, -3*d + d - 2*s + r = 0. What is the remainder when 19 is divided by d?
8
Let r = -20 + 8. What is the remainder when 917/14 - (-3)/(-2) is divided by 6/(r/(-4))*11?
20
Suppose 11*l + 54 = 17*l. Suppose -5*s + 10*s = 4*a + 187, -4*s + 3*a = -149. Calculate the remainder when s is divided by l.
8
Let p(d) = -d**2 + 11*d - 4. Suppose -21*y = -28*y + 455. Calculate the remainder when y is divided by p(5).
13
Let d be (-5)/(20/8) + 4. Suppose -4*l - 3 = -3*u, -d*l - 4 = 3*l - 4*u. Suppose l = -5*i + 98 - 8. Calculate the remainder when 52 is divided by i.
16
Let f(l) be the second derivative of -l**3/6 + 5*l**2/2 + 11*l. Calculate the remainder when 24 is divided by f(-4).
6
Suppose 2*k = 4*i - 8*i + 6, 3*k + 5*i - 14 = 0. Calculate the remainder when 45 is divided by k.
6
Let o(f) = 65*f**2 + 11*f + 2. Calculate the remainder when 2461 is divided by o(-1).
53
Let n = -1385 + 1430. What is the remainder when 235 is divided by n?
10
Suppose 128*a - 125*a - 48 = 0. What is the remainder when 52 is divided by a?
4
Let k(u) = u**3 + 5*u**2 - 133*u + 1. What is the remainder when k(10) is divided by 47?
30
Suppose 2*u = -30*u + 2144. What is the remainder when u is divided by 65?
2
Let x(f) = f**3 + 6*f**2 - 118*f - 20. Calculate the remainder when 1021 is divided by x(-14).
61
Let y(o) = 2*o + 6. Let t be y(-6). Let d(n) = 2*n**3 - 2*n**2 + 2*n - 4. Calculate the remainder when (-2)/12 - 175/t is divided by d(2).
5
Let d be (0 + 18)/((-6)/(-12)). Suppose 0 = 16*o - 18*o + d. Suppose -13*u = -14*u + o. What is the remainder when u is divided by 7?
4
Let i(o) be the second derivative of -3/2*o**2 + 0 - 1/12*o**4 + o**3 - 2*o. What is the remainder when i(4) is divided by 2?
1
Suppose 135*o - 66 = 132*o. What is the remainder when 32 is divided by o?
10
Let q = 204 - 129. Let b = 282 + -282. Suppose b = -0*k + 5*k - q. What is the remainder when k is divided by 8?
7
What is the remainder when (9 - 6 - 25)/(-1 - 1) is divided by 5?
1
Suppose 8*n - 236 = -4*w + 4*n, 1 = -n. What is the remainder when w is divided by 15?
0
Let a(p) be the second derivative of -p**5/20 - 3*p**4/4 - 11*p**3/6 - 15*p**2/2 - 34*p. Calculate the remainder when a(-8) is divided by 12*((-5)/(-2) - 2).
3
Let u(q) = -q**3 - 5*q**2 + 17*q + 21. Let p be u(-7). Suppose -3*i + 20 + 30 = c, -c - 4*i + 55 = p. What is the remainder when c is divided by 18?
17
Let z = 176 - 6. What is the remainder when z/(-4)*42/(-35) is divided by 9?
6
Let x be (-51)/(-2) - 17/34. Suppose -c + 4*d + 48 = 0, -c - 4*d + 39 = -x. Suppose 0*f = -4*f + c. What is the remainder when 27 is divided by f?
13
Suppose -2*p - 3*v = 2*v + 1, 5*p - 12 = 2*v. Suppose 2*x = p*j + 30 - 0, 2*j = -2*x + 50. Let b = 33 - x. What is the remainder when b is divided by 5?
3
Let m = -28 + 30. Suppose m*p + 34 = 2*j, 0*p + 3*p + 9 = j. Calculate the remainder when j is divided by 8.
5
Let w be (3/9)/((-2)/114). Let z = 0 - w. Calculate the remainder when 54 is divided by z.
16
Let a = 121 - 64. What is the remainder when a is divided by 33?
24
Let l = 2372 + -2333. What is the remainder when 261 is divided by l?
27
Let i = 1127 - 992. Calculate the remainder when 387 is divided by i.
117
Let v(h) = h**3 - 6*h**2 - 10*h + 6. Let x be v(8). Suppose 20 - x = -r. Calculate the remainder when 100 is divided by r.
32
What is the remainder when (-1)/(-1)*(-5 - 5 - -65) is divided by 27?
1
Suppose -624 = -f + 5*b, -2*f - 30*b = -34*b - 1254. What is the remainder when f is divided by 63?
62
Suppose 9 + 1 = -5*r + 5*o, -2*r = 3*o - 16. What is the remainder when 3*r*(-2)/4 + 87 is divided by 24?
12
Let a(y) = 2*y - 17. Let k be a(10). Suppose 2*g = s - 3*g - 25, 21 = k*s + 3*g. Let r = 2 + 1. What is the remainder when s is divided by r?
1
Let z = -608 - -790. What is the remainder when z is divided by 27?
20
Suppose -k - u = -4, 0*k + 5*k = -3*u + 28. What is the remainder when (117/18)/(3/6) is divided by k?
5
Let w be 2/4 + 21/(-6). What is the remainder when 53 is divided by (5 + w)/((-4)/(-36))?
17
Suppose -5*x - 5 = 5*a, -x - 2*x = a + 7. Suppose -4*t + 4*h + 9 = t, 0 = 3*t + 2*h - 1. Calculate the remainder when 65 is divided by (0 - a) + 19*t.
14
Suppose 5*h = -5*b - 20, -2*b - 8 = h + 2*h. Let o = 18 + h. Suppose 5*m - 25 = 0, j = -2*j + 4*m + 133. Calculate the remainder when j is divided by o.
15
Let r = 78 + -70. Suppose 3*j = 2*a - 8, a + 5*j - 25 + r = 0. What is the remainder when 21 is divided by a?
0
Let r(a) = -38 + 10 + a**2 - 253*a + 247*a. Calculate the remainder when r(11) is divided by 18.
9
Let y = -81 - -78. Calculate the remainder when (39 + 0 - 1) + -2 is divided by (-55 + -2)*y/9.
17
Suppose 0*j = -j + 2*o + 11, -3*o + 44 = 4*j. Calculate the remainder when 53 is divided by j.
9
Let a(l) = -153 + 3*l + 7*l + 186. What is the remainder when a(12) is divided by 39?
36
Suppose 9*d + 10 = 14*d. Suppose d*o + 20 = -3*o. Calculate the remainder when 19 is divided by o/2*(-66)/12.
8
Let i = 1 - -2. Suppose i*o = y - 2*y + 52, -3*y + o = -116. What is the remainder when y is divided by 14?
12
Let k(o) = 11*o - 170. Suppose -3*x + 3*r - 111 = 0, -173 = 5*x - 2*r - 0*r. Let a = 54 + x. Calculate the remainder when a is divided by k(16).
3
Suppose -5601 = 74*f - 20179. What is the remainder when f is divided by 71?
55
Suppose -96*s - 26 = -99*s + 4*b, 3*s - 11 = b. Let u = -2 + 11. Calculate the remainder when u is divided by s.
1
Suppose 94 - 193 = -3*u. What is the remainder when 76 is divided by u?
10
Let d = -23 - -36. What is the remainder when 35 is divided by d?
9
Let g(r) = -r**3 - 9*r**2 + 29*r - 3. Let o be g(-12). Let l = -66 + o. What is the remainder when 56 is divided by l?
11
Suppose -o = 4*j - 1 - 8, -24 = 4*o + 4*j. Let g be 36/6*48/(-9). Calculate the remainder when 2 is divided by (-24)/o - g/(-176).
0
Let a(o) = -o**3 + 2*o**2 + o - 4. Let r be a(5). Suppose 37*p - 235 - 394 = -111. What is the remainder when (-1)/(-3) + r/(-3) is divided by p?
11
Let k = -2 + 6. Suppose 3 = -s, -k*t + 8*s = 4*s + 92. Calculate the remainder when (-420)/t + (-26)/169 is divided by 6.
4
Suppose 17*c + 70 - 359 = 0. What is the remainder when 77 is divided by c?
9
Let f(i) = i - 10. Let w be f(6). What is the remainder when 19 is divided by (w/(-10))/(5/125)?
9
Let c(o) = -o**2 - 7*o - 7. Let x be c(-4). Suppose -4*g + x*g - 12 = -2*v, 0 = 3*v - 2*g - 25. Calculate the remainder when 24 is divided by v.
3
Let w(l) = l + 39. Let n(o) = -o**2 - 26. Let m be n(0). Calculate the remainder when 37 is divided by w(m).
11
Suppose j - 55 = -4*j. Suppose 5*s + 20 = 6*s. Calculate the remainder when s is divided by j.
9
Suppose 0 = -5*r + 3*r - 6, 3*r - 59 = -4*q. What is the remainder when 201 is divided by q?
14
Suppose -5*j + 2472 = 7*j. What is the remainder when j is divided by 42?
38
Let b be (-204)/(-10) - 6/15. Suppose 0 = 3*y - y - 82. What is the remainder when y is divided by ((24/b)/(-1))/((-6)/105)?
20
Suppose -g = -6*g + 40. Suppose -3*a + 199 = -53. Suppose 19*z = 13*z + a. Calculate the remain